{"id":1331,"date":"2025-02-08T06:13:15","date_gmt":"2025-02-08T06:13:15","guid":{"rendered":"https:\/\/princessontheboard.pl\/?page_id=1331"},"modified":"2025-10-30T15:22:31","modified_gmt":"2025-10-30T15:22:31","slug":"family-time-prasonisi","status":"publish","type":"page","link":"https:\/\/princessontheboard.pl\/?page_id=1331","title":{"rendered":"Family Time &#8211; Prasonisi"},"content":{"rendered":"<section class=\"l-section wpb_row height_medium\"><div class=\"l-section-h i-cf\"><div class=\"g-cols vc_row via_grid cols_1 laptops-cols_inherit tablets-cols_inherit mobiles-cols_1 valign_top type_default stacking_default\"><div class=\"wpb_column vc_column_container\"><div class=\"vc_column-inner\"><h1 class=\"w-text us_custom_93e82fda\"><span class=\"w-text-h\"><span class=\"w-text-value\">Family Time &#8211; rodzinne szkolenia windsurfingowe<\/span><\/span><\/h1><h2 class=\"w-text us_custom_ace5142f\"><span class=\"w-text-h\"><span class=\"w-text-value\">Windsurfing i joga \u2013 aktywno\u015b\u0107, relaks i greckie przygody!<\/span><\/span><\/h2><div class=\"wpb_text_column\"><div class=\"wpb_wrapper\"><p>Windsurfing to nie tylko ekscytuj\u0105cy sport wodny, ale tak\u017ce doskona\u0142y spos\u00f3b na aktywne sp\u0119dzanie czasu z rodzin\u0105. Szkolenia rodzinne z windsurfingu to okazja, by wsp\u00f3lnie prze\u017cy\u0107 niezapomniane chwile, nauczy\u0107 si\u0119 nowych umiej\u0119tno\u015bci i cieszy\u0107 si\u0119 natur\u0105 w wyj\u0105tkowy spos\u00f3b.<\/p>\n<p><strong>Dlaczego warto wybra\u0107 szkolenia rodzinne ?<\/strong><\/p>\n<p><strong>Indywidualne podej\u015bcie<\/strong> \u2013 Ka\u017cdy uczestnik, bez wzgl\u0119du na wiek i poziom zaawansowania, otrzymuje indywidualne wskaz\u00f3wki dostosowane do swoich mo\u017cliwo\u015bci. Dzi\u0119ki temu nauka jest efektywna i bezpieczna.<\/p>\n<p><strong>Zaj\u0119cia prowadzone z pasj\u0105<\/strong> \u2013 Windsurfing to moja \u017cyciowa pasja, kt\u00f3r\u0105 uwielbiam przekazywa\u0107 innym. Dzi\u0119ki energii i zaanga\u017cowaniu sprawiam, \u017ce nawet pocz\u0105tkuj\u0105cy szybko \u0142api\u0105 wiatr w \u017cagiel i ciesz\u0105 si\u0119 pierwszymi sukcesami.<\/p>\n<p><strong>Wsp\u00f3lna zabawa i integracja<\/strong> \u2013 Szkolenia rodzinne to idealny spos\u00f3b na budowanie wi\u0119zi i wsp\u00f3lne prze\u017cywanie emocji. Wsp\u00f3lnie pokonujecie wyzwania, \u015bmiejecie si\u0119 i dzielicie rado\u015b\u0107 z post\u0119p\u00f3w.<\/p>\n<p><strong>Bezpiecze\u0144stwo i komfort<\/strong> \u2013 Dbam o to, by ka\u017cdy czu\u0142 si\u0119 pewnie na desce, a nauka przebiega\u0142a w przyjaznej i bezstresowej atmosferze.<\/p>\n<p><strong>Natura i relaks<\/strong> \u2013 P\u0142ywanie po jeziorze lub morzu to nie tylko trening, ale te\u017c wyj\u0105tkowa<br \/>okazja do oderwania si\u0119 od codzienno\u015bci i cieszenia si\u0119 blisko\u015bci\u0105 natury.<\/p>\n<p><strong>Emocje i adrenalina<\/strong> \u2013 Je\u015bli chcecie poczu\u0107 prawdziw\u0105 frajd\u0119 z p\u0142ywania, nauczy\u0107 si\u0119<br \/>nowych trik\u00f3w i prze\u017cy\u0107 niesamowit\u0105 przygod\u0119, to moje szkolenia s\u0105 w\u0142a\u015bnie dla Was!<\/p>\n<p><strong>Niech Wasza rodzinna przygoda na wodzie zacznie si\u0119 ju\u017c teraz!<\/strong><\/p>\n<p><strong> Z\u0142apcie wiatr w \u017cagiel i <\/strong><strong>do\u0142\u0105czcie do \u015bwiatawindsurfingu z Princess on the Board! <\/strong>\ud83c\udf0a\ud83c\udf1e<\/p>\n<\/div><\/div><h5 class=\"w-text us_custom_eb948370 has_text_color\"><span class=\"w-text-h\"><span class=\"w-text-value\">Wybierz termin poni\u017cej aby dowiedzie\u0107 si\u0119 szczeg\u00f3\u0142\u00f3w i zapisa\u0107 na szkolenie.<\/span><\/span><\/h5><div class=\"w-grid us_grid type_grid layout_1163 cols_3 preload_style_spinner\" id=\"us_grid_1\" style=\"--columns:3;--gap:1rem;\" data-filterable=\"true\"><style>@media (max-width:1024px){#us_grid_1{--columns:2!important}}@media (max-width:600px){#us_grid_1{--columns:1!important}}.layout_1163 .w-grid-item-h{}.layout_1163 .usg_post_image_1{padding-bottom:0.3rem!important}.layout_1163 .usg_post_title_1{font-size:calc( 18px + 0.3vmax )!important}.layout_1163 .usg_post_custom_field_3{text-align:right!important}<\/style><div class=\"w-grid-list\">\t<article class=\"w-grid-item size_1x1 post-1292 us_portfolio type-us_portfolio status-publish has-post-thumbnail hentry us_portfolio_category-familly-prasonisi us_portfolio_tag-family-time\" data-id=\"1292\">\r\n\t\t<div class=\"w-grid-item-h\">\r\n\t\t\t\t\t\t<div class=\"w-post-elm post_image usg_post_image_1 has_ratio\"><a href=\"https:\/\/princessontheboard.pl\/?us_portfolio=sierpien-3\" aria-label=\"Family Time\"><img loading=\"lazy\" decoding=\"async\" width=\"1024\" height=\"1024\" src=\"https:\/\/princessontheboard.pl\/wp-content\/uploads\/2025\/02\/konkretny-wyjazd-2-5-1024x1024.png\" class=\"attachment-large size-large wp-post-image\" alt=\"Windsurfing Family\" \/><\/a><div style=\"padding-bottom:100%\"><\/div><\/div><div class=\"w-hwrapper usg_hwrapper_2 align_justify valign_stretch\"><h2 class=\"w-post-elm post_title usg_post_title_1 align_left entry-title color_link_inherit\"><a href=\"https:\/\/princessontheboard.pl\/?us_portfolio=sierpien-3\">Family Time<\/a><\/h2><div class=\"w-post-elm post_custom_field usg_post_custom_field_3 type_text nazwa_specjalna color_link_inherit\"><a href=\"https:\/\/princessontheboard.pl\/?us_portfolio=sierpien-3\"><span class=\"w-post-elm-value\">Family Time<\/span><\/a><\/div><\/div><div class=\"w-hwrapper usg_hwrapper_1 align_justify valign_top\"><div class=\"w-post-elm post_custom_field usg_post_custom_field_1 type_text Od- color_link_inherit\"><span class=\"w-post-elm-before\">Od: <\/span><a href=\"https:\/\/princessontheboard.pl\/?us_portfolio=sierpien-3\"><span class=\"w-post-elm-value\">03.08.2026<\/span><\/a><\/div><div class=\"w-post-elm post_custom_field usg_post_custom_field_2 type_text Do- color_link_inherit\"><span class=\"w-post-elm-before\">Do: <\/span><a href=\"https:\/\/princessontheboard.pl\/?us_portfolio=sierpien-3\"><span class=\"w-post-elm-value\">10.08.2026<\/span><\/a><\/div><\/div>\t\t<\/div>\r\n\t\t\t<\/article>\r\n\t<article class=\"w-grid-item size_1x1 post-1294 us_portfolio type-us_portfolio status-publish has-post-thumbnail hentry us_portfolio_category-familly-prasonisi us_portfolio_tag-family-time\" data-id=\"1294\">\r\n\t\t<div class=\"w-grid-item-h\">\r\n\t\t\t\t\t\t<div class=\"w-post-elm post_image usg_post_image_1 has_ratio\"><a href=\"https:\/\/princessontheboard.pl\/?us_portfolio=wrzesien-3\" aria-label=\"Family Time\"><img loading=\"lazy\" decoding=\"async\" width=\"540\" height=\"540\" src=\"https:\/\/princessontheboard.pl\/wp-content\/uploads\/2025\/02\/konkretny-wyjazd-2-5-kopia-2.png\" class=\"attachment-large size-large wp-post-image\" alt=\"Family Time\" \/><\/a><div style=\"padding-bottom:100%\"><\/div><\/div><div class=\"w-hwrapper usg_hwrapper_2 align_justify valign_stretch\"><h2 class=\"w-post-elm post_title usg_post_title_1 align_left entry-title color_link_inherit\"><a href=\"https:\/\/princessontheboard.pl\/?us_portfolio=wrzesien-3\">Family Time<\/a><\/h2><div class=\"w-post-elm post_custom_field usg_post_custom_field_3 type_text nazwa_specjalna color_link_inherit\"><a href=\"https:\/\/princessontheboard.pl\/?us_portfolio=wrzesien-3\"><span class=\"w-post-elm-value\">Family Time<\/span><\/a><\/div><\/div><div class=\"w-hwrapper usg_hwrapper_1 align_justify valign_top\"><div class=\"w-post-elm post_custom_field usg_post_custom_field_1 type_text Od- color_link_inherit\"><span class=\"w-post-elm-before\">Od: <\/span><a href=\"https:\/\/princessontheboard.pl\/?us_portfolio=wrzesien-3\"><span class=\"w-post-elm-value\">10.08.2026<\/span><\/a><\/div><div class=\"w-post-elm post_custom_field usg_post_custom_field_2 type_text Do- color_link_inherit\"><span class=\"w-post-elm-before\">Do: <\/span><a href=\"https:\/\/princessontheboard.pl\/?us_portfolio=wrzesien-3\"><span class=\"w-post-elm-value\">17.08.2026<\/span><\/a><\/div><\/div>\t\t<\/div>\r\n\t\t\t<\/article>\r\n\t<article class=\"w-grid-item size_1x1 post-1298 us_portfolio type-us_portfolio status-publish has-post-thumbnail hentry us_portfolio_category-familly-prasonisi us_portfolio_tag-family-time\" data-id=\"1298\">\r\n\t\t<div class=\"w-grid-item-h\">\r\n\t\t\t\t\t\t<div class=\"w-post-elm post_image usg_post_image_1 has_ratio\"><a href=\"https:\/\/princessontheboard.pl\/?us_portfolio=wrzesien-4\" aria-label=\"Family Time\"><img loading=\"lazy\" decoding=\"async\" width=\"1024\" height=\"1024\" src=\"https:\/\/princessontheboard.pl\/wp-content\/uploads\/2025\/02\/konkretny-wyjazd-2-6-1024x1024.png\" class=\"attachment-large size-large wp-post-image\" alt=\"Family time\" \/><\/a><div style=\"padding-bottom:100%\"><\/div><\/div><div class=\"w-hwrapper usg_hwrapper_2 align_justify valign_stretch\"><h2 class=\"w-post-elm post_title usg_post_title_1 align_left entry-title color_link_inherit\"><a href=\"https:\/\/princessontheboard.pl\/?us_portfolio=wrzesien-4\">Family Time<\/a><\/h2><div class=\"w-post-elm post_custom_field usg_post_custom_field_3 type_text nazwa_specjalna color_link_inherit\"><a href=\"https:\/\/princessontheboard.pl\/?us_portfolio=wrzesien-4\"><span class=\"w-post-elm-value\">Family Time<\/span><\/a><\/div><\/div><div class=\"w-hwrapper usg_hwrapper_1 align_justify valign_top\"><div class=\"w-post-elm post_custom_field usg_post_custom_field_1 type_text Od- color_link_inherit\"><span class=\"w-post-elm-before\">Od: <\/span><a href=\"https:\/\/princessontheboard.pl\/?us_portfolio=wrzesien-4\"><span class=\"w-post-elm-value\">24.08.2026<\/span><\/a><\/div><div class=\"w-post-elm post_custom_field usg_post_custom_field_2 type_text Do- color_link_inherit\"><span class=\"w-post-elm-before\">Do: <\/span><a href=\"https:\/\/princessontheboard.pl\/?us_portfolio=wrzesien-4\"><span class=\"w-post-elm-value\">31.08.2026<\/span><\/a><\/div><\/div>\t\t<\/div>\r\n\t\t\t<\/article>\r\n<\/div>\t<div class=\"w-grid-preloader\">\r\n\t\t<div class=\"g-preloader type_1\">\r\n\t\t\t<div><\/div>\r\n\t\t<\/div>\r\n\t<\/div>\r\n\t\t<div class=\"w-grid-json hidden\" onclick='return {&quot;action&quot;:&quot;us_ajax_grid&quot;,&quot;infinite_scroll&quot;:0,&quot;max_num_pages&quot;:1,&quot;pagination&quot;:&quot;none&quot;,&quot;template_vars&quot;:{&quot;columns&quot;:&quot;3&quot;,&quot;exclude_items&quot;:&quot;none&quot;,&quot;img_size&quot;:&quot;default&quot;,&quot;ignore_items_size&quot;:0,&quot;items_layout&quot;:&quot;1163&quot;,&quot;items_offset&quot;:&quot;1&quot;,&quot;load_animation&quot;:&quot;none&quot;,&quot;overriding_link&quot;:&quot;{\\&quot;url\\&quot;:\\&quot;\\&quot;}&quot;,&quot;post_id&quot;:0,&quot;query_args&quot;:{&quot;post_type&quot;:[&quot;us_portfolio&quot;],&quot;tax_query&quot;:[{&quot;taxonomy&quot;:&quot;us_portfolio_category&quot;,&quot;field&quot;:&quot;slug&quot;,&quot;terms&quot;:[&quot;familly-prasonisi&quot;]}],&quot;post_status&quot;:[&quot;publish&quot;,&quot;acf-disabled&quot;],&quot;posts_per_page&quot;:&quot;8&quot;},&quot;orderby_query_args&quot;:{&quot;orderby&quot;:{&quot;date&quot;:&quot;ASC&quot;}},&quot;type&quot;:&quot;grid&quot;,&quot;us_grid_post_type&quot;:&quot;us_portfolio&quot;,&quot;us_grid_ajax_index&quot;:1,&quot;us_grid_filter_query_string&quot;:null,&quot;us_grid_index&quot;:1,&quot;page_args&quot;:[]}}'><\/div>\r\n\t<\/div><div class=\"g-cols wpb_row via_grid cols_1 laptops-cols_inherit tablets-cols_inherit mobiles-cols_1 valign_top type_default stacking_default\" style=\"--columns-gap:3rem;\"><div class=\"wpb_column vc_column_container\"><div class=\"vc_column-inner\"><div class=\"w-btn-wrapper align_right\"><a class=\"w-btn us-btn-style_1 us_custom_5c07cc07\" href=\"https:\/\/princessontheboard.pl\/#courses\"><span class=\"w-btn-label\">WOLISZ INNE MIEJSCE?<\/span><\/a><\/div><\/div><\/div><\/div><\/div><\/div><\/div><\/div><\/section>\n","protected":false},"excerpt":{"rendered":"","protected":false},"author":1,"featured_media":1561,"parent":0,"menu_order":0,"comment_status":"closed","ping_status":"closed","template":"","meta":{"_acf_changed":false,"footnotes":""},"class_list":["post-1331","page","type-page","status-publish","has-post-thumbnail","hentry"],"acf":[],"aioseo_notices":[],"_links":{"self":[{"href":"https:\/\/princessontheboard.pl\/index.php?rest_route=\/wp\/v2\/pages\/1331","targetHints":{"allow":["GET"]}}],"collection":[{"href":"https:\/\/princessontheboard.pl\/index.php?rest_route=\/wp\/v2\/pages"}],"about":[{"href":"https:\/\/princessontheboard.pl\/index.php?rest_route=\/wp\/v2\/types\/page"}],"author":[{"embeddable":true,"href":"https:\/\/princessontheboard.pl\/index.php?rest_route=\/wp\/v2\/users\/1"}],"replies":[{"embeddable":true,"href":"https:\/\/princessontheboard.pl\/index.php?rest_route=%2Fwp%2Fv2%2Fcomments&post=1331"}],"version-history":[{"count":4,"href":"https:\/\/princessontheboard.pl\/index.php?rest_route=\/wp\/v2\/pages\/1331\/revisions"}],"predecessor-version":[{"id":1368,"href":"https:\/\/princessontheboard.pl\/index.php?rest_route=\/wp\/v2\/pages\/1331\/revisions\/1368"}],"wp:featuredmedia":[{"embeddable":true,"href":"https:\/\/princessontheboard.pl\/index.php?rest_route=\/wp\/v2\/media\/1561"}],"wp:attachment":[{"href":"https:\/\/princessontheboard.pl\/index.php?rest_route=%2Fwp%2Fv2%2Fmedia&parent=1331"}],"curies":[{"name":"wp","href":"https:\/\/api.w.org\/{rel}","templated":true}]}}